t a be 12/(-42) + ((-2)/7)/(-1). Suppose -944 = -2*j + 4*c, a*c + 2384 = 5*j + 2*c. What are the prime factors of j?
2, 7, 17
Suppose 0 = 169*k + 68*k - 2877180. List the prime factors of k.
2, 5, 607
Suppose -6*l + 2*f = -8*l + 8036, 0 = 2*l + 4*f - 8026. List the prime factors of l.
3, 149
Let s = -84 + 125. Suppose -a + 0*a + 4*v + s = 0, -a + 34 = 3*v. What are the prime factors of a?
37
Let i(s) = 76*s - 7. Let p(d) = -1. Let o(c) = i(c) - 4*p(c). Let b be o(3). Let y = b + -127. List the prime factors of y.
2, 7
Suppose -3*t = 2 - 11, -2*t = -2*q. Suppose q*p = 83 + 25. What are the prime factors of p?
2, 3
Suppose -5*o + 41 = 11. Let q be o/(-4) - -1 - 10/20. What are the prime factors of ((-14)/(-21))/(q/(-90))?
2, 3, 5
Suppose 37*t + 61019 - 327900 = 0. What are the prime factors of t?
7213
Let c(r) = -2*r + 7. Let a be c(6). Let d(b) = -4 - 3 + b**3 + 374*b**2 + 381*b**2 - 8*b - 748*b**2. List the prime factors of d(a).
83
Let x(q) = 19*q**2 - 189*q + 89. What are the prime factors of x(-22)?
3, 4481
Let p(t) = t**3 - t**2 - 334*t + 20029. List the prime factors of p(0).
20029
Let i = -836 - -1632. Suppose 0 = 5*t + i - 3321. List the prime factors of t.
5, 101
Let b(g) be the second derivative of g**5/20 + g**4 + 14*g**3/3 + 7*g**2/2 - 33*g. Let r be b(-8). Suppose -4*d + r = -1. List the prime factors of d.
2, 5
Let f(m) = -1 + 40 + 12*m + 60*m + 56 + 13. What are the prime factors of f(11)?
2, 3, 5
Suppose 0 = -10*y + 53 + 27, 3*y + 47283 = 3*i. What are the prime factors of i?
13, 1213
Let p be (-2)/(-6)*(51 + 6). Suppose -o - 8 + p = -4*d, 0 = 3*o + 2*d - 89. What are the prime factors of o?
3
Let v = -353 + 1291. Suppose -6*f = -5*i - 7*f + v, -5*f - 10 = 0. What are the prime factors of i?
2, 47
Suppose -6*n = -13*n + 35. Let q(k) = 16 + n - k**2 - 25*k + 2*k + 12. List the prime factors of q(-21).
3, 5
Suppose 0 = -p, 3*o - 1 - 14 = -4*p. Suppose z = o*z + 52. Let y(q) = -9*q + 28. List the prime factors of y(z).
5, 29
Let i(a) = 2*a**2 - 6*a + 5. Let v(y) = -y**3 - 3*y**2 + 2*y - 19. Let q be v(-4). What are the prime factors of i(q)?
313
Suppose 5*q - 10 = -4*v, -2*v = -3*v. Suppose 3*h - 86 = l + 110, 0 = -4*h - q*l + 278. List the prime factors of h.
67
Let l be 2*-11*11373/102. Let r = l - -4169. What are the prime factors of r?
2, 3, 11, 13
Let t = -344 + -104. Let b = -296 - t. What are the prime factors of b?
2, 19
Suppose 5*o + p = -35, -o - 3*o - 28 = -5*p. Let d = 1057 + -1048. Let y = d + o. List the prime factors of y.
2
Let n be ((-288)/(-30) + -9)/((-1)/10). Let c(r) = -2*r**3 + 8*r**2 - 12*r - 50. List the prime factors of c(n).
2, 7, 53
Let r(o) = 2*o + 11. Let a be r(-4). Let d be (16/6)/((-2)/(-21)). What are the prime factors of (-63)/d*(-16)/a?
2, 3
Let o(r) = r**2 + 18*r + 21. Suppose -7*g + g = 102. Let i be o(g). Suppose 3*z + 4*a - 362 = 0, 3*a = -i*z + 2*z + 242. List the prime factors of z.
2, 59
Let f(t) = -42*t - 118. Let v be f(-3). Suppose 4*s = v*s - 3664. List the prime factors of s.
2, 229
Suppose 2*l + 6543 = 17581. What are the prime factors of l?
5519
Let n(k) = 6*k**3 - 6*k**2 - 25*k + 85. Let f be n(13). Suppose 32*s - 18*s - f = 0. What are the prime factors of s?
2, 3, 71
Let z = -3027 + 6104. List the prime factors of z.
17, 181
Let v(w) = 2*w**2 + 38*w + 128. Suppose 468*t - 472*t - 120 = 0. What are the prime factors of v(t)?
2, 197
Let v = -4 + 12. Suppose 0 = 9*b - 10 - v. Suppose -5*u - 59 = -k + 39, b*u = -3*k + 243. List the prime factors of k.
83
Suppose 5*a - 47 - 968 = 0. Let u = 171 + -247. Let r = u + a. List the prime factors of r.
127
Suppose 3*j - 673 = -2*u - 143, -j - 4*u = -160. Suppose -2*c - 4*p + j = 0, 4*p - 501 = -5*c - 69. List the prime factors of c.
2, 3, 7
Suppose -10*o = -4*o - 312. Let s = o + -52. Suppose 4*v + 5*h - 104 = s, 5*h - 42 = -4*v + 2*v. List the prime factors of v.
31
Suppose -a + g = 4*g + 2, a + 4*g = -4. Let h be ((-8)/(-3) + -2)/(a/6). What are the prime factors of (-5)/h*(57/(-15) - -2)?
3
Let q = -3393 - -20627. List the prime factors of q.
2, 7, 1231
Let g = -11 - -14. Suppose 2*q + g*v = 166, -q - v = -2*q + 83. What are the prime factors of q?
83
Let b = 621 + -626. Let h(z) be the second derivative of -31*z**3/6 - 3*z**2/2 - 5*z. List the prime factors of h(b).
2, 19
Suppose 2*y - 4559 - 9346 = 5*z, -4*y = -z - 27801. What are the prime factors of y?
2, 5, 139
Let v(m) = 18 + m - 3*m - 1. Let y be v(11). Let q(p) = -2*p**3 - 6*p**2 + 3*p + 15. List the prime factors of q(y).
2, 5
Let i = -1079 - -2131. Suppose -4*a + i = -g - 749, a = 2*g + 459. List the prime factors of a.
449
Suppose 0 = -5*h - 3*o + 16817 + 4335, 2*h = -2*o + 8464. Suppose 0 = 3*q + 5*j - 0*j - h, -j = -5. What are the prime factors of q?
3, 467
Suppose -12*d + 7*d = 5*r - 4250, -2544 = -3*r - 5*d. Suppose -9*n + 160 - r = 0. Let j = 123 - n. List the prime factors of j.
2, 5
Let c = 425 - 228. Suppose 0 = -2*i - 5*g + 20, 0*i + i - 2*g = 1. Suppose 0*y - 2*y = -3*w + 103, -i*w = 3*y - c. What are the prime factors of w?
37
Suppose -5*b + 213 = -3*r, 0 = 79*b - 82*b - 2*r + 124. Suppose b*o = 31*o + 19569. List the prime factors of o.
3, 593
Let s(o) = o**2 + 14*o + 24. Let c be s(-12). Let g be (c - (-62)/4)/(1/(-10)). List the prime factors of (1/10*-16)/(2/g).
2, 31
Suppose -3*h + 88620 = 3*g, 33*g - 38*g - 29510 = -h. What are the prime factors of h?
3, 5, 11, 179
Let f be -147614*4/32 + (-1)/4. List the prime factors of 10/65 + f/(-52).
5, 71
Suppose -2*y - 17 + 19 = 0, -2*w + 4*y = -13774. List the prime factors of w.
83
Suppose 3*i + 2*a = -a + 1992, -a - 2000 = -3*i. Suppose 2*g = -2*v - 432, 3*v + 0*v - i = 3*g. List the prime factors of (-12)/6 + (0/1 - g).
7, 31
Let w(z) = -6*z**3 + 31*z**2 + 104*z - 272. What are the prime factors of w(-17)?
17, 2141
Suppose 20 = -8*x + 10*x. Let c be (1 - (-3)/9)/(x/135). Suppose -2*h + p = -12, -c = -3*h + 3*p - 6*p. What are the prime factors of h?
2, 3
Suppose 4 = 2*d, -3*c = -0*c + d - 20. Let s be (-27)/18*((-8)/c)/1. Suppose -s*m + m = 5*f - 652, 0 = -2*f + 5*m + 277. What are the prime factors of f?
131
Let f(z) = 957*z**3 - 4*z**2 + 46*z - 94. What are the prime factors of f(2)?
2, 3, 19, 67
Let y = 30307 + -14643. What are the prime factors of y?
2, 11, 89
Let z(m) = 20*m**3 - 31*m**2 - 2*m + 137. List the prime factors of z(14).
41, 1193
Let z(i) = i**3 - i**2. Let g(w) = 7*w**3 + 7*w**2 + 17*w - 8. Let o(k) = -g(k) + 6*z(k). Let l be (5 + (-152)/24)/(1/9). List the prime factors of o(l).
2, 17
Suppose 76042 = 2*n - c + 9451, -n + 33297 = c. List the prime factors of n.
2, 2081
Let k = -1223 + 19800. What are the prime factors of k?
13, 1429
Let v(u) = -15*u - 17. Let g(p) = -16*p - 18. Let o(l) = 3*g(l) - 2*v(l). Let m(r) = -2*r**3 + 5*r**2 + 9*r + 3. Let y be m(4). List the prime factors of o(y).
2, 71
Suppose 3*o = -6, 3*q - 3*o - 15499 - 2000 = 0. What are the prime factors of q?
7, 17
Let d(q) = -221*q + 491. What are the prime factors of d(-38)?
3, 2963
List the prime factors of ((-2)/(-3))/(12/158814).
3, 17, 173
Let d = 385 + -382. Suppose 5*x - 4865 = -z - d*z, 0 = -4*x - 2*z + 3898. List the prime factors of x.
977
Suppose 3571 = z + 6*d - 8843, 2*d = z - 12366. List the prime factors of z.
2, 3, 2063
Let i be (0 + 1)*(4 + -2) - -3. List the prime factors of (i - -1 - 3)*2228/12.
557
Suppose -28*h + 7 = -27*h, -4*h = m - 22670. List the prime factors of m.
2, 11321
Let t = -258 - -198. Let j = 223 - t. What are the prime factors of j?
283
Suppose 5*x + 4 = 4*j + 2, 0 = -2*x + 4*j + 4. Let c be 8/(-10)*(4/8 - x). Let b(y) = -28*y + 5. List the prime factors of b(c).
61
Suppose -120*n - 15655 = -262975. List the prime factors of n.
3, 229
Let d = 102183 - 42885. List the prime factors of d.
2, 3, 9883
Suppose 14 = -2*k, 6*k = m - 6653 - 10521. List the prime factors of m.
2, 4283
Suppose 0 = -14*h + 58163 + 400799. List the prime factors of h.
32783
Let z(g) be the first derivative of 2*g**2 + 17*g + 13. Let i be z(-5). List the prime factors of 0 - 1 - -146*(-3)/i.
5, 29
What are the prime factors of ((468/(-546))/(6/(-14)))/(2/20773)?
20773
Let y be 2/2 - (-1285 + -1 + 1). Let o = y + -407. What are the prime factors of o?
3, 293
Let l = 6699 + 1006. List the prime factors of l.
5, 23, 67
Let 